{"id":404,"date":"2020-06-30T12:28:46","date_gmt":"2020-06-30T10:28:46","guid":{"rendered":"http:\/\/projet-pyrenees.fr\/?page_id=404"},"modified":"2020-07-10T18:46:20","modified_gmt":"2020-07-10T16:46:20","slug":"partenaires-2","status":"publish","type":"page","link":"https:\/\/projet-pyrenees.fr\/?page_id=404","title":{"rendered":"Partenaires"},"content":{"rendered":"\n<div class=\"wp-block-media-text alignwide is-stacked-on-mobile\" style=\"grid-template-columns:31% auto\"><figure class=\"wp-block-media-text__media\"><a href=\"http:\/\/www.lesioux.fr\/aubergeducarlit\" target=\"_blank\" rel=\"noopener noreferrer\"><img loading=\"lazy\" width=\"750\" height=\"500\" src=\"http:\/\/projet-pyrenees.fr\/wp-content\/uploads\/2020\/06\/PICT0019.jpg\" alt=\"\" class=\"wp-image-423\" srcset=\"https:\/\/projet-pyrenees.fr\/wp-content\/uploads\/2020\/06\/PICT0019.jpg 750w, https:\/\/projet-pyrenees.fr\/wp-content\/uploads\/2020\/06\/PICT0019-100x67.jpg 100w, https:\/\/projet-pyrenees.fr\/wp-content\/uploads\/2020\/06\/PICT0019-300x200.jpg 300w\" sizes=\"(max-width: 750px) 100vw, 750px\" \/><\/a><\/figure><div class=\"wp-block-media-text__content\">\n<p style=\"font-size:25px\"><a href=\"http:\/\/www.lesioux.fr\/aubergeducarlit\"><span class=\"has-inline-color has-very-dark-gray-color\">Auberge du Carlit<\/span><\/a><\/p>\n\n\n\n<p>Situ\u00e9e en plein coeur du site class\u00e9 des Bouillouses, l&rsquo;auberge du Carlit pourra vous accueillir pour un s\u00e9jour de plusieurs jours ou pour un moment de d\u00e9tente apr\u00e8s une journ\u00e9e de randonn\u00e9e.<\/p>\n<\/div><\/div>\n\n\n\n<hr class=\"wp-block-separator\"\/>\n\n\n\n<div class=\"wp-block-media-text alignwide is-stacked-on-mobile\" style=\"grid-template-columns:31% auto\"><figure class=\"wp-block-media-text__media\"><a href=\"https:\/\/www.facebook.com\/refugedelacalme\/\"><img loading=\"lazy\" width=\"413\" height=\"413\" src=\"http:\/\/projet-pyrenees.fr\/wp-content\/uploads\/2020\/06\/93412172_2700018366988960_2250675623175389184_n.jpg\" alt=\"\" class=\"wp-image-409\" srcset=\"https:\/\/projet-pyrenees.fr\/wp-content\/uploads\/2020\/06\/93412172_2700018366988960_2250675623175389184_n.jpg 413w, https:\/\/projet-pyrenees.fr\/wp-content\/uploads\/2020\/06\/93412172_2700018366988960_2250675623175389184_n-100x100.jpg 100w, https:\/\/projet-pyrenees.fr\/wp-content\/uploads\/2020\/06\/93412172_2700018366988960_2250675623175389184_n-300x300.jpg 300w, https:\/\/projet-pyrenees.fr\/wp-content\/uploads\/2020\/06\/93412172_2700018366988960_2250675623175389184_n-150x150.jpg 150w\" sizes=\"(max-width: 413px) 100vw, 413px\" \/><\/a><\/figure><div class=\"wp-block-media-text__content\">\n<p style=\"font-size:25px\"><a href=\"https:\/\/www.facebook.com\/refugedelacalme\/\" target=\"_blank\" rel=\"noreferrer noopener\"><span class=\"has-inline-color has-very-dark-gray-color\">Refuge de la Calme<\/span><\/a><\/p>\n\n\n\n<p>Nich\u00e9 \u00e0 2110 m\u00e8tres d&rsquo;altitude ce petit refuge est le lieu id\u00e9al pour aller se ressourcer en famille. Andreu et Gilbert sauront vous accueillir avec d&rsquo;excellents repas fais avec des produits locaux !<\/p>\n<\/div><\/div>\n\n\n\n<hr class=\"wp-block-separator\"\/>\n\n\n\n<div class=\"wp-block-media-text alignwide is-stacked-on-mobile\" style=\"grid-template-columns:31% auto\"><figure class=\"wp-block-media-text__media\"><a href=\"www.restaurant-lassus.fr\" target=\"_blank\" rel=\"noopener noreferrer\"><img loading=\"lazy\" width=\"1024\" height=\"974\" src=\"http:\/\/projet-pyrenees.fr\/wp-content\/uploads\/2020\/06\/LOGO-COMPLET-Lassus-1-1024x974.png\" alt=\"\" class=\"wp-image-417\" srcset=\"https:\/\/projet-pyrenees.fr\/wp-content\/uploads\/2020\/06\/LOGO-COMPLET-Lassus-1-1024x974.png 1024w, https:\/\/projet-pyrenees.fr\/wp-content\/uploads\/2020\/06\/LOGO-COMPLET-Lassus-1-100x95.png 100w, https:\/\/projet-pyrenees.fr\/wp-content\/uploads\/2020\/06\/LOGO-COMPLET-Lassus-1-300x285.png 300w, https:\/\/projet-pyrenees.fr\/wp-content\/uploads\/2020\/06\/LOGO-COMPLET-Lassus-1-768x730.png 768w, https:\/\/projet-pyrenees.fr\/wp-content\/uploads\/2020\/06\/LOGO-COMPLET-Lassus-1.png 1116w\" sizes=\"(max-width: 1024px) 100vw, 1024px\" \/><\/a><\/figure><div class=\"wp-block-media-text__content\">\n<p style=\"font-size:25px\"><a rel=\"noreferrer noopener\" href=\"http:\/\/www.restaurant-lassus.fr\" target=\"_blank\"><span class=\"has-inline-color has-very-dark-gray-color\">H\u00f4tel Lassus<\/span><\/a><\/p>\n\n\n\n<p>L&rsquo;h\u00f4tel restaurant Lassus situ\u00e9 en plein coeur du village de Bolqu\u00e8re est un des lieux o\u00f9 l&rsquo;accueil et la convivialit\u00e9 prennent leur d\u00e9finition. Philippe et Maryline vous pr\u00e9pareront de bons petits plats dans une ambiance familiale.<\/p>\n<\/div><\/div>\n\n\n\n<hr class=\"wp-block-separator\"\/>\n\n\n\n<div class=\"wp-block-media-text alignwide is-stacked-on-mobile\" style=\"grid-template-columns:31% auto\"><figure class=\"wp-block-media-text__media\"><a href=\"http:\/\/le-shop-font-romeu.fr\" target=\"_blank\" rel=\"noopener noreferrer\"><img loading=\"lazy\" width=\"1024\" height=\"614\" src=\"http:\/\/projet-pyrenees.fr\/wp-content\/uploads\/2020\/06\/cropped-IMG_9292-1-1024x614.jpg\" alt=\"\" class=\"wp-image-429\" srcset=\"https:\/\/projet-pyrenees.fr\/wp-content\/uploads\/2020\/06\/cropped-IMG_9292-1-1024x614.jpg 1024w, https:\/\/projet-pyrenees.fr\/wp-content\/uploads\/2020\/06\/cropped-IMG_9292-1-100x60.jpg 100w, https:\/\/projet-pyrenees.fr\/wp-content\/uploads\/2020\/06\/cropped-IMG_9292-1-300x180.jpg 300w, https:\/\/projet-pyrenees.fr\/wp-content\/uploads\/2020\/06\/cropped-IMG_9292-1-768x461.jpg 768w, https:\/\/projet-pyrenees.fr\/wp-content\/uploads\/2020\/06\/cropped-IMG_9292-1-1536x922.jpg 1536w, https:\/\/projet-pyrenees.fr\/wp-content\/uploads\/2020\/06\/cropped-IMG_9292-1.jpg 2000w\" sizes=\"(max-width: 1024px) 100vw, 1024px\" \/><\/a><\/figure><div class=\"wp-block-media-text__content\">\n<p style=\"font-size:25px\"><a rel=\"noreferrer noopener\" href=\"http:\/\/le-shop-font-romeu.fr\" target=\"_blank\"><span class=\"has-inline-color has-very-dark-gray-color\">Le shop Font-Romeu<\/span><\/a><\/p>\n\n\n\n<p>Le shop \u00e0 l&rsquo;entr\u00e9e de Font-Romeu vous permettra de trouver tout le mat\u00e9riel n\u00e9cessaire \u00e0 vos activit\u00e9s de montagne (randonn\u00e9e, trail, e-VTT, etc&#8230;).<\/p>\n<\/div><\/div>\n\n\n\n<p><\/p>\n","protected":false},"excerpt":{"rendered":"<p>Auberge du Carlit Situ\u00e9e en plein coeur du site class\u00e9 des Bouillouses, l&rsquo;auberge du Carlit pourra vous accueillir pour un s\u00e9jour de plusieurs jours ou pour un moment de d\u00e9tente apr\u00e8s une journ\u00e9e de randonn\u00e9e. Refuge de la Calme Nich\u00e9 \u00e0 2110 m\u00e8tres d&rsquo;altitude ce petit refuge est le lieu id\u00e9al pour aller se ressourcer &hellip; <\/p>\n<p class=\"link-more\"><a href=\"https:\/\/projet-pyrenees.fr\/?page_id=404\" class=\"more-link\">Lire la suite de<span class=\"screen-reader-text\">\u00ab\u00a0Partenaires\u00a0\u00bb<\/span><\/a><\/p>\n","protected":false},"author":1,"featured_media":280,"parent":0,"menu_order":0,"comment_status":"closed","ping_status":"closed","template":"","meta":[],"yoast_head":"<!-- This site is optimized with the Yoast SEO plugin v18.3 - https:\/\/yoast.com\/wordpress\/plugins\/seo\/ -->\n<title>Partenaires &mdash;<\/title>\n<meta name=\"description\" content=\"Les partenaires de Projet Pyr\u00e9n\u00e9es. H\u00e9bergeurs, restaurateurs, commer\u00e7ants, des professionels \u00e0 votre \u00e9coute\" \/>\n<meta name=\"robots\" content=\"index, follow, max-snippet:-1, max-image-preview:large, max-video-preview:-1\" \/>\n<link rel=\"canonical\" href=\"https:\/\/projet-pyrenees.fr\/?page_id=404\" \/>\n<meta property=\"og:locale\" content=\"fr_FR\" \/>\n<meta property=\"og:type\" content=\"article\" \/>\n<meta property=\"og:title\" content=\"Partenaires &mdash;\" \/>\n<meta property=\"og:description\" content=\"Les partenaires de Projet Pyr\u00e9n\u00e9es. H\u00e9bergeurs, restaurateurs, commer\u00e7ants, des professionels \u00e0 votre \u00e9coute\" \/>\n<meta property=\"og:url\" content=\"https:\/\/projet-pyrenees.fr\/?page_id=404\" \/>\n<meta property=\"article:publisher\" content=\"https:\/\/www.facebook.com\/Propy-Projet-Pyr%c3%a9n%c3%a9es-218941634821396\/\" \/>\n<meta property=\"article:modified_time\" content=\"2020-07-10T16:46:20+00:00\" \/>\n<meta property=\"og:image\" content=\"https:\/\/projet-pyrenees.fr\/wp-content\/uploads\/2020\/05\/IMG_2817-scaled-e1593521659914.jpeg\" \/>\n\t<meta property=\"og:image:width\" content=\"2201\" \/>\n\t<meta property=\"og:image:height\" content=\"1331\" \/>\n\t<meta property=\"og:image:type\" content=\"image\/jpeg\" \/>\n<meta name=\"twitter:card\" content=\"summary_large_image\" \/>\n<meta name=\"twitter:label1\" content=\"Dur\u00e9e de lecture estim\u00e9e\" \/>\n\t<meta name=\"twitter:data1\" content=\"1 minute\" \/>\n<script type=\"application\/ld+json\" class=\"yoast-schema-graph\">{\"@context\":\"https:\/\/schema.org\",\"@graph\":[{\"@type\":\"Organization\",\"@id\":\"https:\/\/projet-pyrenees.fr\/#organization\",\"name\":\"Projet-Pyr\u00e9n\u00e9es\",\"url\":\"https:\/\/projet-pyrenees.fr\/\",\"sameAs\":[\"https:\/\/www.facebook.com\/Propy-Projet-Pyr\u00e9n\u00e9es-218941634821396\/\",\"https:\/\/www.youtube.com\/channel\/UClTkixtcjIPliGi97d9FfXw\"],\"logo\":{\"@type\":\"ImageObject\",\"@id\":\"https:\/\/projet-pyrenees.fr\/#logo\",\"inLanguage\":\"fr-FR\",\"url\":\"http:\/\/projet-pyrenees.fr\/wp-content\/uploads\/2020\/05\/cropped-Logga-2.jpg\",\"contentUrl\":\"http:\/\/projet-pyrenees.fr\/wp-content\/uploads\/2020\/05\/cropped-Logga-2.jpg\",\"width\":1952,\"height\":1952,\"caption\":\"Projet-Pyr\u00e9n\u00e9es\"},\"image\":{\"@id\":\"https:\/\/projet-pyrenees.fr\/#logo\"}},{\"@type\":\"WebSite\",\"@id\":\"https:\/\/projet-pyrenees.fr\/#website\",\"url\":\"https:\/\/projet-pyrenees.fr\/\",\"name\":\"Projet-Pyren\u00e9es\",\"description\":\"montagne &amp; trail - s\u00e9jours sur mesures\",\"publisher\":{\"@id\":\"https:\/\/projet-pyrenees.fr\/#organization\"},\"potentialAction\":[{\"@type\":\"SearchAction\",\"target\":{\"@type\":\"EntryPoint\",\"urlTemplate\":\"https:\/\/projet-pyrenees.fr\/?s={search_term_string}\"},\"query-input\":\"required name=search_term_string\"}],\"inLanguage\":\"fr-FR\"},{\"@type\":\"ImageObject\",\"@id\":\"https:\/\/projet-pyrenees.fr\/?page_id=404#primaryimage\",\"inLanguage\":\"fr-FR\",\"url\":\"https:\/\/projet-pyrenees.fr\/wp-content\/uploads\/2020\/05\/IMG_2817-scaled-e1593521659914.jpeg\",\"contentUrl\":\"https:\/\/projet-pyrenees.fr\/wp-content\/uploads\/2020\/05\/IMG_2817-scaled-e1593521659914.jpeg\",\"width\":2201,\"height\":1331,\"caption\":\"Les P\u00e9ric\"},{\"@type\":\"WebPage\",\"@id\":\"https:\/\/projet-pyrenees.fr\/?page_id=404#webpage\",\"url\":\"https:\/\/projet-pyrenees.fr\/?page_id=404\",\"name\":\"Partenaires &mdash;\",\"isPartOf\":{\"@id\":\"https:\/\/projet-pyrenees.fr\/#website\"},\"primaryImageOfPage\":{\"@id\":\"https:\/\/projet-pyrenees.fr\/?page_id=404#primaryimage\"},\"datePublished\":\"2020-06-30T10:28:46+00:00\",\"dateModified\":\"2020-07-10T16:46:20+00:00\",\"description\":\"Les partenaires de Projet Pyr\u00e9n\u00e9es. H\u00e9bergeurs, restaurateurs, commer\u00e7ants, des professionels \u00e0 votre \u00e9coute\",\"breadcrumb\":{\"@id\":\"https:\/\/projet-pyrenees.fr\/?page_id=404#breadcrumb\"},\"inLanguage\":\"fr-FR\",\"potentialAction\":[{\"@type\":\"ReadAction\",\"target\":[\"https:\/\/projet-pyrenees.fr\/?page_id=404\"]}]},{\"@type\":\"BreadcrumbList\",\"@id\":\"https:\/\/projet-pyrenees.fr\/?page_id=404#breadcrumb\",\"itemListElement\":[{\"@type\":\"ListItem\",\"position\":1,\"name\":\"Accueil\",\"item\":\"https:\/\/projet-pyrenees.fr\/\"},{\"@type\":\"ListItem\",\"position\":2,\"name\":\"Partenaires\"}]}]}<\/script>\n<!-- \/ Yoast SEO plugin. -->","yoast_head_json":{"title":"Partenaires &mdash;","description":"Les partenaires de Projet Pyr\u00e9n\u00e9es. H\u00e9bergeurs, restaurateurs, commer\u00e7ants, des professionels \u00e0 votre \u00e9coute","robots":{"index":"index","follow":"follow","max-snippet":"max-snippet:-1","max-image-preview":"max-image-preview:large","max-video-preview":"max-video-preview:-1"},"canonical":"https:\/\/projet-pyrenees.fr\/?page_id=404","og_locale":"fr_FR","og_type":"article","og_title":"Partenaires &mdash;","og_description":"Les partenaires de Projet Pyr\u00e9n\u00e9es. H\u00e9bergeurs, restaurateurs, commer\u00e7ants, des professionels \u00e0 votre \u00e9coute","og_url":"https:\/\/projet-pyrenees.fr\/?page_id=404","article_publisher":"https:\/\/www.facebook.com\/Propy-Projet-Pyr%c3%a9n%c3%a9es-218941634821396\/","article_modified_time":"2020-07-10T16:46:20+00:00","og_image":[{"width":2201,"height":1331,"url":"https:\/\/projet-pyrenees.fr\/wp-content\/uploads\/2020\/05\/IMG_2817-scaled-e1593521659914.jpeg","type":"image\/jpeg"}],"twitter_card":"summary_large_image","twitter_misc":{"Dur\u00e9e de lecture estim\u00e9e":"1 minute"},"schema":{"@context":"https:\/\/schema.org","@graph":[{"@type":"Organization","@id":"https:\/\/projet-pyrenees.fr\/#organization","name":"Projet-Pyr\u00e9n\u00e9es","url":"https:\/\/projet-pyrenees.fr\/","sameAs":["https:\/\/www.facebook.com\/Propy-Projet-Pyr\u00e9n\u00e9es-218941634821396\/","https:\/\/www.youtube.com\/channel\/UClTkixtcjIPliGi97d9FfXw"],"logo":{"@type":"ImageObject","@id":"https:\/\/projet-pyrenees.fr\/#logo","inLanguage":"fr-FR","url":"http:\/\/projet-pyrenees.fr\/wp-content\/uploads\/2020\/05\/cropped-Logga-2.jpg","contentUrl":"http:\/\/projet-pyrenees.fr\/wp-content\/uploads\/2020\/05\/cropped-Logga-2.jpg","width":1952,"height":1952,"caption":"Projet-Pyr\u00e9n\u00e9es"},"image":{"@id":"https:\/\/projet-pyrenees.fr\/#logo"}},{"@type":"WebSite","@id":"https:\/\/projet-pyrenees.fr\/#website","url":"https:\/\/projet-pyrenees.fr\/","name":"Projet-Pyren\u00e9es","description":"montagne &amp; trail - s\u00e9jours sur mesures","publisher":{"@id":"https:\/\/projet-pyrenees.fr\/#organization"},"potentialAction":[{"@type":"SearchAction","target":{"@type":"EntryPoint","urlTemplate":"https:\/\/projet-pyrenees.fr\/?s={search_term_string}"},"query-input":"required name=search_term_string"}],"inLanguage":"fr-FR"},{"@type":"ImageObject","@id":"https:\/\/projet-pyrenees.fr\/?page_id=404#primaryimage","inLanguage":"fr-FR","url":"https:\/\/projet-pyrenees.fr\/wp-content\/uploads\/2020\/05\/IMG_2817-scaled-e1593521659914.jpeg","contentUrl":"https:\/\/projet-pyrenees.fr\/wp-content\/uploads\/2020\/05\/IMG_2817-scaled-e1593521659914.jpeg","width":2201,"height":1331,"caption":"Les P\u00e9ric"},{"@type":"WebPage","@id":"https:\/\/projet-pyrenees.fr\/?page_id=404#webpage","url":"https:\/\/projet-pyrenees.fr\/?page_id=404","name":"Partenaires &mdash;","isPartOf":{"@id":"https:\/\/projet-pyrenees.fr\/#website"},"primaryImageOfPage":{"@id":"https:\/\/projet-pyrenees.fr\/?page_id=404#primaryimage"},"datePublished":"2020-06-30T10:28:46+00:00","dateModified":"2020-07-10T16:46:20+00:00","description":"Les partenaires de Projet Pyr\u00e9n\u00e9es. H\u00e9bergeurs, restaurateurs, commer\u00e7ants, des professionels \u00e0 votre \u00e9coute","breadcrumb":{"@id":"https:\/\/projet-pyrenees.fr\/?page_id=404#breadcrumb"},"inLanguage":"fr-FR","potentialAction":[{"@type":"ReadAction","target":["https:\/\/projet-pyrenees.fr\/?page_id=404"]}]},{"@type":"BreadcrumbList","@id":"https:\/\/projet-pyrenees.fr\/?page_id=404#breadcrumb","itemListElement":[{"@type":"ListItem","position":1,"name":"Accueil","item":"https:\/\/projet-pyrenees.fr\/"},{"@type":"ListItem","position":2,"name":"Partenaires"}]}]}},"_links":{"self":[{"href":"https:\/\/projet-pyrenees.fr\/index.php?rest_route=\/wp\/v2\/pages\/404"}],"collection":[{"href":"https:\/\/projet-pyrenees.fr\/index.php?rest_route=\/wp\/v2\/pages"}],"about":[{"href":"https:\/\/projet-pyrenees.fr\/index.php?rest_route=\/wp\/v2\/types\/page"}],"author":[{"embeddable":true,"href":"https:\/\/projet-pyrenees.fr\/index.php?rest_route=\/wp\/v2\/users\/1"}],"replies":[{"embeddable":true,"href":"https:\/\/projet-pyrenees.fr\/index.php?rest_route=%2Fwp%2Fv2%2Fcomments&post=404"}],"version-history":[{"count":21,"href":"https:\/\/projet-pyrenees.fr\/index.php?rest_route=\/wp\/v2\/pages\/404\/revisions"}],"predecessor-version":[{"id":452,"href":"https:\/\/projet-pyrenees.fr\/index.php?rest_route=\/wp\/v2\/pages\/404\/revisions\/452"}],"wp:featuredmedia":[{"embeddable":true,"href":"https:\/\/projet-pyrenees.fr\/index.php?rest_route=\/wp\/v2\/media\/280"}],"wp:attachment":[{"href":"https:\/\/projet-pyrenees.fr\/index.php?rest_route=%2Fwp%2Fv2%2Fmedia&parent=404"}],"curies":[{"name":"wp","href":"https:\/\/api.w.org\/{rel}","templated":true}]}}